 68306 is divided by 330.
326
Calculate the remainder when 314 is divided by 71.
30
Calculate the remainder when 7388 is divided by 30.
8
What is the remainder when 43912 is divided by 13?
11
Calculate the remainder when 78824 is divided by 2020.
44
What is the remainder when 1920 is divided by 473?
28
What is the remainder when 84876 is divided by 84874?
2
What is the remainder when 4220 is divided by 209?
40
Calculate the remainder when 6963 is divided by 6897.
66
Calculate the remainder when 1145338 is divided by 1145325.
13
Calculate the remainder when 30051 is divided by 90.
81
What is the remainder when 6052 is divided by 1006?
16
Calculate the remainder when 14765 is divided by 123.
5
Calculate the remainder when 5260 is divided by 213.
148
Calculate the remainder when 82290 is divided by 7.
5
What is the remainder when 1933 is divided by 959?
15
What is the remainder when 200171 is divided by 25?
21
What is the remainder when 192 is divided by 59?
15
Calculate the remainder when 53004 is divided by 6620.
44
Calculate the remainder when 5000 is divided by 625.
0
What is the remainder when 612 is divided by 36?
0
What is the remainder when 399630 is divided by 447?
12
What is the remainder when 3055 is divided by 209?
129
Calculate the remainder when 19726 is divided by 789.
1
What is the remainder when 5982 is divided by 1986?
24
What is the remainder when 1334 is divided by 112?
102
Calculate the remainder when 326 is divided by 230.
96
What is the remainder when 6073 is divided by 305?
278
Calculate the remainder when 724 is divided by 102.
10
Calculate the remainder when 115443 is divided by 81.
18
What is the remainder when 10606 is divided by 51?
49
Calculate the remainder when 360123 is divided by 27.
24
Calculate the remainder when 175777 is divided by 21968.
33
Calculate the remainder when 110199 is divided by 27535.
59
What is the remainder when 104938 is divided by 75?
13
Calculate the remainder when 4565 is divided by 101.
20
Calculate the remainder when 181058 is divided by 368.
2
Calculate the remainder when 27127 is divided by 9041.
4
Calculate the remainder when 1041 is divided by 155.
111
Calculate the remainder when 18471 is divided by 9207.
57
What is the remainder when 10872 is divided by 604?
0
What is the remainder when 24638 is divided by 320?
318
What is the remainder when 28474 is divided by 183?
109
Calculate the remainder when 1114408 is divided by 307.
305
What is the remainder when 1481 is divided by 60?
41
Calculate the remainder when 9082 is divided by 4476.
130
What is the remainder when 112047 is divided by 58?
49
What is the remainder when 294376 is divided by 164?
160
Calculate the remainder when 317680 is divided by 36.
16
What is the remainder when 4462 is divided by 147?
52
Calculate the remainder when 41408 is divided by 5176.
0
Calculate the remainder when 142720 is divided by 71324.
72
Calculate the remainder when 30945 is divided by 7718.
73
Calculate the remainder when 20429 is divided by 75.
29
Calculate the remainder when 429 is divided by 116.
81
What is the remainder when 5771 is divided by 306?
263
What is the remainder when 4723 is divided by 1250?
973
What is the remainder when 139227 is divided by 39?
36
Calculate the remainder when 608351 is divided by 20278.
11
What is the remainder when 12331 is divided by 12328?
3
What is the remainder when 5631 is divided by 1361?
187
What is the remainder when 2173 is divided by 1154?
1019
Calculate the remainder when 12434 is divided by 674.
302
What is the remainder when 12785 is divided by 56?
17
What is the remainder when 1236874 is divided by 21?
16
What is the remainder when 363352 is divided by 181675?
2
Calculate the remainder when 4491 is divided by 1872.
747
What is the remainder when 857 is divided by 435?
422
Calculate the remainder when 31080 is divided by 3107.
10
Calculate the remainder when 2508 is divided by 108.
24
What is the remainder when 19408 is divided by 304?
256
What is the remainder when 122943 is divided by 141?
132
Calculate the remainder when 42710 is divided by 152.
150
Calculate the remainder when 30628 is divided by 1987.
823
Calculate the remainder when 34272 is divided by 34155.
117
What is the remainder when 479 is divided by 178?
123
Calculate the remainder when 9807 is divided by 223.
218
Calculate the remainder when 5069 is divided by 107.
40
What is the remainder when 264284 is divided by 30?
14
Calculate the remainder when 1366 is divided by 198.
178
What is the remainder when 743 is divided by 604?
139
Calculate the remainder when 54861 is divided by 18252.
105
What is the remainder when 195772 is divided by 809?
803
What is the remainder when 6393 is divided by 529?
45
Calculate the remainder when 4346 is divided by 19.
14
Calculate the remainder when 7964 is divided by 727.
694
Calculate the remainder when 281885 is divided by 601.
16
Calculate the remainder when 5881 is divided by 5835.
46
What is the remainder when 6024 is divided by 21?
18
Calculate the remainder when 14006 is divided by 38.
22
Calculate the remainder when 3579 is divided by 331.
269
What is the remainder when 1454 is divided by 27?
23
Calculate the remainder when 2543988 is divided by 134.
132
Calculate the remainder when 703247 is divided by 725.
722
Calculate the remainder when 73359 is divided by 14.
13
Calculate the remainder when 2354 is divided by 167.
16
What is the remainder when 417254 is divided by 139083?
5
Calculate the remainder when 20173 is divided by 49.
34
Calculate the remainder when 4161 is divided by 724.
541
Calculate the remainder when 39339 is divided by 354.
45
Calculate the remainder when 111279 is divided by 40.
39
Calculate the remainder when 42863 is divided by 28.
23
Calculate the remainder when 13291 is divided by 1486.
1403
What is the remainder when 765 is divided by 112?
93
What is the remainder when 31918 is divided by 10634?
16
What is the remainder when 334796 is divided by 111587?
35
What is the remainder when 9818 is divided by 234?
224
What is the remainder when 7869 is divided by 1832?
541
Calculate the remainder when 42 is divided by 30.
12
Calculate the remainder when 7473 is divided by 446.
337
What is the remainder when 12515 is divided by 659?
653
Calculate the remainder when 20466 is divided by 730.
26
Calculate the remainder when 9912 is divided by 4948.
16
Calculate the remainder when 29905 is divided by 38.
37
What is the remainder when 369 is divided by 6?
3
Calculate the remainder when 1746 is divided by 861.
24
What is the remainder when 33279 is divided by 11090?
9
Calculate the remainder when 1582 is divided by 145.
132
What is the remainder when 22951 is divided by 1346?
69
Calculate the remainder when 3314 is divided by 70.
24
What is the remainder when 204550 is divided by 102271?
8
Calculate the remainder when 7751389 is divided by 836.
833
What is the remainder when 20863 is divided by 188?
183
What is the remainder when 67491 is divided by 125?
116
What is the remainder when 961 is divided by 82?
59
Calculate the remainder when 10283 is divided by 4907.
469
What is the remainder when 1394 is divided by 161?
106
Calculate the remainder when 1994272 is divided by 316.
312
What is the remainder when 6014 is divided by 2912?
190
What is the remainder when 53022 is divided by 263?
159
What is the remainder when 8688 is divided by 1238?
22
What is the remainder when 205426 is divided by 20539?
36
Calculate the remainder when 3986 is divided by 743.
271
What is the remainder when 569 is divided by 308?
261
Calculate the remainder when 69659 is divided by 2109.
62
Calculate the remainder when 1628 is divided by 799.
30
Calculate the remainder when 95184 is divided by 38.
32
What is the remainder when 62343 is divided by 70?
43
What is the remainder when 1486 is divided by 469?
79
What is the remainder when 11739 is divided by 2112?
1179
What is the remainder when 38947 is divided by 9734?
11
What is the remainder when 81884 is divided by 140?
124
What is the remainder when 1260 is divided by 128?
108
Calculate the remainder when 9369 is divided by 360.
9
What is the remainder when 3754 is divided by 144?
10
Calculate the remainder when 82894 is divided by 75.
19
Calculate the re